76 divide 34856?
False
Does 82 divide 227714?
True
Does 365 divide 151117?
False
Is 1415492 a multiple of 334?
True
Is 122379 a multiple of 34?
False
Is 95 a factor of 1649200?
True
Is 392 a factor of 3890583?
False
Is 687526 a multiple of 25?
False
Is 555689 a multiple of 17?
False
Is 367524 a multiple of 369?
True
Is 2825850 a multiple of 25?
True
Is 159645 a multiple of 367?
True
Does 188 divide 985872?
True
Is 187391 a multiple of 17?
True
Is 72 a factor of 46440?
True
Is 5729275 a multiple of 589?
False
Does 60 divide 139380?
True
Is 21488 a multiple of 24?
False
Is 436320 a multiple of 72?
True
Is 74 a factor of 432752?
True
Is 464 a factor of 11065936?
True
Is 441376 a multiple of 52?
True
Is 995 a factor of 1111398?
False
Is 27 a factor of 30536?
False
Does 38 divide 197676?
True
Does 72 divide 2421445?
False
Is 25432 a multiple of 135?
False
Is 1844636 a multiple of 18?
False
Is 81419 a multiple of 35?
False
Is 10 a factor of 14449?
False
Does 4 divide 273387?
False
Does 13 divide 70226?
True
Does 6 divide 37349?
False
Does 14 divide 1316?
True
Is 108 a factor of 52920?
True
Is 124540 a multiple of 13?
True
Is 3456795 a multiple of 12?
False
Is 32 a factor of 6585056?
True
Is 106883 a multiple of 5?
False
Is 675708 a multiple of 64?
False
Is 491 a factor of 295556?
False
Is 286 a factor of 457179?
False
Is 7 a factor of 24213?
True
Is 110 a factor of 2714030?
True
Is 3 a factor of 800670?
True
Does 746 divide 1662834?
True
Is 127 a factor of 4725864?
False
Is 46421 a multiple of 227?
False
Is 6515992 a multiple of 9?
False
Is 555575 a multiple of 313?
True
Is 44 a factor of 18867?
False
Is 91242 a multiple of 236?
False
Is 653463 a multiple of 153?
True
Is 163 a factor of 6231327?
True
Does 173 divide 395132?
True
Is 7836820 a multiple of 34?
False
Is 4305213 a multiple of 30?
False
Is 25 a factor of 529787?
False
Does 181 divide 162357?
True
Is 51969 a multiple of 2?
False
Does 133 divide 1567139?
True
Is 291 a factor of 330978?
False
Is 255697 a multiple of 221?
True
Is 1299972 a multiple of 6?
True
Is 819407 a multiple of 111?
False
Is 8 a factor of 14639719?
False
Is 3414096 a multiple of 126?
True
Is 11 a factor of 408691?
False
Does 10 divide 2303483?
False
Does 8 divide 150305?
False
Is 6 a factor of 49020?
True
Is 61424 a multiple of 29?
False
Is 1410396 a multiple of 569?
False
Is 24 a factor of 1419092?
False
Is 234471 a multiple of 182?
False
Does 476 divide 37372?
False
Does 89 divide 156821?
False
Is 985062 a multiple of 33?
False
Is 670040 a multiple of 10?
True
Does 32 divide 137280?
True
Does 12 divide 534600?
True
Does 28 divide 73080?
True
Is 834928 a multiple of 817?
False
Is 14 a factor of 302021?
False
Does 76 divide 104652?
True
Is 63 a factor of 82110?
False
Does 11 divide 187804?
False
Does 50 divide 843539?
False
Does 15 divide 349860?
True
Is 24383 even?
False
Is 25 a factor of 7490400?
True
Is 99 a factor of 2649858?
False
Does 104 divide 42705?
False
Is 15577495 a multiple of 53?
True
Is 15 a factor of 387825?
True
Does 164 divide 6414036?
False
Is 5539490 a multiple of 11?
True
Is 128877 a multiple of 17?
True
Is 15 a factor of 1068828?
False
Is 14 a factor of 2218398?
True
Does 233 divide 2994050?
True
Is 71 a factor of 181902?
True
Is 59 a factor of 71508?
True
Is 4127640 a multiple of 1060?
True
Does 29 divide 151672?
False
Is 194 a factor of 4965318?
False
Is 59115 a multiple of 34?
False
Is 128 a factor of 500017?
False
Is 954232 a multiple of 362?
True
Does 14 divide 36568?
True
Is 85152 a multiple of 16?
True
Does 1927 divide 3542108?
False
Does 29 divide 324423?
True
Is 2276965 a multiple of 178?
False
Is 6077 a multiple of 5?
False
Does 295 divide 3549145?
True
Does 5 divide 3049791?
False
Is 7 a factor of 1600826?
False
Is 121032 a multiple of 53?
False
Is 18208592 a multiple of 223?
False
Is 19440 a multiple of 120?
True
Does 64 divide 83974?
False
Does 13 divide 266305?
True
Is 188 a factor of 1135332?
True
Is 30 a factor of 1628233?
False
Is 134537 a multiple of 587?
False
Is 39086 even?
True
Does 226 divide 58986?
True
Is 1256616 a multiple of 558?
True
Does 32 divide 185632?
True
Is 2001734 a multiple of 5?
False
Does 396 divide 11025411?
False
Does 54 divide 56111?
False
Is 549 a factor of 53253?
True
Does 3 divide 21490?
False
Is 24 a factor of 4072944?
True
Is 365551 a multiple of 20?
False
Is 8 a factor of 5916600?
True
Does 10 divide 876070?
True
Is 39528 a multiple of 18?
True
Is 2 a factor of 6260?
True
Is 492516 a multiple of 18?
True
Is 97114 a multiple of 42?
False
Is 3567520 a multiple of 110?
True
Does 286 divide 7099169?
False
Does 793 divide 147498?
True
Does 53 divide 84800?
True
Is 4 a factor of 1166508?
True
Does 14 divide 76149?
False
Is 300 a factor of 115219?
False
Is 112875 a multiple of 125?
True
Does 442 divide 39780?
True
Does 53 divide 89624?
False
Does 235 divide 728735?
True
Is 285103 a multiple of 74?
False
Is 3385017 a multiple of 11?
False
Does 54 divide 42797?
False
Is 690 a multiple of 15?
True
Is 2027226 a multiple of 273?
False
Does 25 divide 69392?
False
Does 15 divide 1807620?
True
Is 63080 a multiple of 664?
True
Is 6 a factor of 1690206?
True
Does 51 divide 3374999?
False
Is 24 a factor of 41829?
False
Is 405052 a multiple of 22?
False
Is 2891289 a multiple of 39?
False
Is 725 a factor of 5434089?
False
Is 198 a factor of 1262810?
False
Is 89813 a multiple of 19?
True
Does 16 divide 114668?
False
Is 124791 a multiple of 3?
True
Is 4860356 a multiple of 113?
True
Is 186709 a multiple of 253?
False
Is 61 a factor of 127002?
True
Is 1241505 a multiple of 5?
True
Is 413 a factor of 8301415?
False
Does 24 divide 4187280?
True
Is 22 a factor of 190690?
False
Is 549636 a multiple of 562?
True
Is 12 a factor of 1095107?
False
Is 8 a factor of 4741?
False
Is 11696350 a multiple of 10?
True
Does 418 divide 17744936?
True
Is 40596 a multiple of 51?
True
Is 38 a factor of 1809807?
False
Does 291 divide 1717191?
True
Does 141 divide 1506867?
True
Is 475 a factor of 101556?
False
Is 448 a factor of 2193827?
False
Is 266 a factor of 7741664?
True
Is 24174 a multiple of 22?
False
Is 176 a factor of 19481?
False
Is 126 a factor of 222264?
True
Does 66 divide 1068354?
False
Is 1804762 a multiple of 82?
False
Is 6 a factor of 1140701?
False
Does 38 divide 243037?
False
Is 4 a factor of 32456?
True
Is 9606750 a multiple of 50?
True
Is 10 a factor of 294170?
True
Does 5 divide 2030910?
True
Is 11 a factor of 56663?
False
Is 2310345 a multiple of 8?
False
Is 47158 a multiple of 2?
True
Is 75 a factor of 341250?
True
Is 35 a factor of 5754203?
False
Is 19349 a multiple of 140?
False
Is 2 a factor of 49697?
False
Does 19 divide 257297?
False
Is 266580 a multiple of 252?
False
Is 157276 a multiple of 274?
True
Does 702 divide 191646?
True
Is 387 a factor of 2185368?
False
Is 21 a factor of 333543?
True
Does 42 divide 1355688?
False
Does 780 divide 21060?
True
Does 26 divide 51610?
True
Is 228247 a multiple of 41?
True
Does 662 divide 2553561?
False
Does 168 divide 42168?
True
Is 13317540 a multiple of 12?
True
Does 69 divide 80454?
True
Does 48 divide 3207115?
False
Is 271 a factor of 6269043?
True
Is 1405530 a multiple of 1455?
True
Is 332216 a multiple of 131?
True
Is 5 a factor of 32055?
True
Is 758903 a multiple of 621?
False
Is 59 a factor of 25200?
False
Is 372572 a multiple of 68?
True
Is 185 a factor of 30093580?
True
Is 517273 a multiple of 2?
False
Is 396164 a multiple of 10?
False
Does 8 divide 32176?
True
Is 4451827 a multiple of 4?
False
Is 54 a factor of 95904?
True
Does 23 divide 3490993?
False
Does 9 divide 9284019?
False
Is 58632 a multiple of 3?
True
Is 899 a factor of 1081497?
True
Does 3 divide 86691?
True
Is 551128 a multiple of 8?
True
Is 41 a factor of 96893?
False
Does 40 divide 22037645?
False
Is 111708 a multiple of 214?
True
Does 27 divide 202014?
True
Is 2342328 a multiple of 36?
False
Is 8 a factor of 123024?
True
Is 160 a factor of 844417?
False
Is 515973 a multiple of 5?
False
Does 104 divide 1090024?
True
Does 54 divide 4000914?
True
Is 468 a factor of 594511?
False
Is 2340558 a multiple of 9?
True
Does 208 divide 6814704?
True
Is 162706 a multiple of 93?
False
Does 100 divide 230900?
True
Is 4 a factor of 4808890?
False
Is 6294888 a multiple